 factors of 7514505?
3, 5, 55663
List the prime factors of 21472349.
83, 258703
List the prime factors of 44283.
3, 29, 509
What are the prime factors of 128462?
2, 64231
What are the prime factors of 1737686?
2, 673, 1291
List the prime factors of 694878.
2, 3, 179, 647
What are the prime factors of 1018057?
1018057
What are the prime factors of 1154076?
2, 3, 7, 11, 1249
List the prime factors of 12299674.
2, 61, 181, 557
What are the prime factors of 572808?
2, 3, 29, 823
What are the prime factors of 1205897?
7, 11, 15661
What are the prime factors of 4624118?
2, 233, 9923
What are the prime factors of 3532155?
3, 5, 11, 21407
What are the prime factors of 1587117?
3, 7, 75577
List the prime factors of 4541231.
71, 167, 383
List the prime factors of 54422.
2, 27211
What are the prime factors of 724421?
17, 43, 991
List the prime factors of 156817.
156817
List the prime factors of 327511.
327511
What are the prime factors of 4747714?
2, 997, 2381
List the prime factors of 2862905.
5, 572581
What are the prime factors of 13028776?
2, 47, 34651
What are the prime factors of 335209?
7, 6841
List the prime factors of 495013.
73, 6781
List the prime factors of 48756.
2, 3, 17, 239
What are the prime factors of 68828?
2, 17207
What are the prime factors of 3037832?
2, 7, 17, 3191
List the prime factors of 3176447.
3176447
What are the prime factors of 2927068?
2, 731767
What are the prime factors of 533832?
2, 3, 13, 29, 59
What are the prime factors of 15282778?
2, 7, 1091627
What are the prime factors of 128725?
5, 19, 271
List the prime factors of 10774222.
2, 5387111
What are the prime factors of 452314?
2, 19, 11903
List the prime factors of 175768.
2, 127, 173
List the prime factors of 381080.
2, 5, 7, 1361
What are the prime factors of 297970?
2, 5, 83, 359
List the prime factors of 85803.
3, 37, 773
What are the prime factors of 7432726?
2, 7, 23, 41, 563
What are the prime factors of 1664057?
43, 38699
List the prime factors of 7054556.
2, 1763639
List the prime factors of 246886.
2, 19, 73, 89
What are the prime factors of 67788?
2, 3, 7, 269
What are the prime factors of 4831938?
2, 3, 331, 811
What are the prime factors of 6110017?
181, 33757
What are the prime factors of 1276206?
2, 3, 212701
List the prime factors of 26869748.
2, 383, 17539
List the prime factors of 12778.
2, 6389
What are the prime factors of 48813?
3, 53, 307
What are the prime factors of 1526721?
3, 7, 72701
List the prime factors of 5899686.
2, 3, 13, 43, 1759
What are the prime factors of 10132596?
2, 3, 149, 1889
What are the prime factors of 338428?
2, 19, 61, 73
What are the prime factors of 949346?
2, 37, 12829
List the prime factors of 36886418.
2, 18443209
What are the prime factors of 285996?
2, 3, 23833
What are the prime factors of 15209?
67, 227
What are the prime factors of 5655390?
2, 3, 5, 13, 17, 853
What are the prime factors of 99040?
2, 5, 619
List the prime factors of 189352.
2, 23669
List the prime factors of 1963249.
1963249
List the prime factors of 1310649.
3, 17, 31, 829
What are the prime factors of 77035?
5, 7, 31, 71
List the prime factors of 5647.
5647
List the prime factors of 8349469.
97, 86077
What are the prime factors of 578752?
2, 9043
List the prime factors of 14807086.
2, 7, 719, 1471
What are the prime factors of 327254?
2, 163627
What are the prime factors of 624781?
761, 821
List the prime factors of 714676.
2, 29, 61, 101
What are the prime factors of 207635?
5, 131, 317
What are the prime factors of 9463876?
2, 2365969
What are the prime factors of 12010209?
3, 23, 174061
List the prime factors of 10804502.
2, 19, 331, 859
What are the prime factors of 4296912?
2, 3, 89519
List the prime factors of 3162864.
2, 3, 131, 503
List the prime factors of 822471.
3, 13, 21089
What are the prime factors of 405853?
7, 37, 1567
What are the prime factors of 556323?
3, 185441
List the prime factors of 125322.
2, 3, 20887
List the prime factors of 1929210.
2, 3, 5, 107, 601
List the prime factors of 823860.
2, 3, 5, 23, 199
What are the prime factors of 7219118?
2, 17, 113, 1879
What are the prime factors of 3118168?
2, 47, 8293
What are the prime factors of 10124802?
2, 3, 53, 10613
List the prime factors of 116912.
2, 7307
What are the prime factors of 1340642?
2, 670321
List the prime factors of 2023768.
2, 252971
What are the prime factors of 2180507?
7, 181, 1721
What are the prime factors of 97785?
3, 5, 41, 53
List the prime factors of 13104064.
2, 204751
What are the prime factors of 250684?
2, 7, 1279
What are the prime factors of 513997?
11, 46727
What are the prime factors of 499737?
3, 7, 53, 449
What are the prime factors of 81163?
81163
List the prime factors of 6784136.
2, 848017
List the prime factors of 3215381.
13, 247337
List the prime factors of 1799686.
2, 7, 128549
List the prime factors of 824679.
3, 91631
What are the prime factors of 2215424?
2, 4327
What are the prime factors of 13108085?
5, 2621617
List the prime factors of 335510.
2, 5, 7, 4793
What are the prime factors of 905052?
2, 3, 199, 379
What are the prime factors of 8079192?
2, 3, 11, 101
What are the prime factors of 3263190?
2, 3, 5, 7, 41, 379
List the prime factors of 9193548.
2, 3, 7, 13, 8419
What are the prime factors of 1788565?
5, 19, 67, 281
List the prime factors of 159546.
2, 3, 26591
List the prime factors of 19110.
2, 3, 5, 7, 13
List the prime factors of 520054.
2, 67, 3881
List the prime factors of 3435320.
2, 5, 7, 12269
List the prime factors of 15855940.
2, 5, 792797
What are the prime factors of 5246897?
17, 308641
What are the prime factors of 628231?
628231
What are the prime factors of 4833244?
2, 13, 41, 2267
What are the prime factors of 235332?
2, 3, 2179
What are the prime factors of 120870?
2, 3, 5, 17, 79
What are the prime factors of 7176604?
2, 19, 89, 1061
List the prime factors of 3458624.
2, 13, 4157
List the prime factors of 377541.
3, 59, 79
List the prime factors of 3857488.
2, 241093
List the prime factors of 1512209.
1512209
List the prime factors of 326652.
2, 3, 163, 167
What are the prime factors of 767809?
7, 19, 23, 251
What are the prime factors of 300665?
5, 60133
List the prime factors of 813977.
17, 47881
List the prime factors of 1707864.
2, 3, 71161
What are the prime factors of 8519828?
2, 19, 112103
What are the prime factors of 7006052?
2, 29, 60397
What are the prime factors of 32789?
32789
List the prime factors of 4461.
3, 1487
What are the prime factors of 693219?
3, 311, 743
What are the prime factors of 33290803?
7, 13, 107, 263
What are the prime factors of 787499?
683, 1153
What are the prime factors of 854037?
3, 47, 673
What are the prime factors of 2225215?
5, 17, 47, 557
What are the prime factors of 5440198?
2, 1601, 1699
List the prime factors of 5268375.
3, 5, 7, 223
List the prime factors of 433363.
7, 61909
List the prime factors of 1853017.
17, 109001
List the prime factors of 552878.
2, 276439
List the prime factors of 1263142.
2, 127, 4973
List the prime factors of 2305419.
3, 431, 1783
What are the prime factors of 6071549?
11, 551959
List the prime factors of 11287204.
2, 23, 79, 1553
What are the prime factors of 1311080?
2, 5, 73, 449
List the prime factors of 633531.
3, 211177
List the prime factors of 175737.
3, 58579
What are the prime factors of 31726549?
31726549
What are the prime factors of 10322090?
2, 5, 311, 3319
What are the prime factors of 938919?
3, 47, 6659
List the prime factors of 36982934.
2, 18491467
List the prime factors of 186687.
3, 20743
List the prime factors of 29522937.
3, 277, 35527
List the prime factors of 7207016.
2, 683, 1319
List the prime factors of 20951.
7, 41, 73
List the prime factors of 26509023.
3, 2945447
What are the prime factors of 2880013?
641, 4493
What are the prime factors of 1522109?
19, 80111
What are the prime factors of 21889152?
2, 3, 19001
List the prime factors of 1091484.
2, 3, 30319
What are the prime factors of 630755?
5, 126151
What are the prime factors of 8607195?
3, 5, 103, 619
What are the prime factors of 6730176?
2, 3, 35053
What are the prime factors of 24663?
3, 8221
List the prime factors of 10955578.
2, 5477789
List the prime factors of 4233524.
2, 1058381
What are the prime factors of 2823803?
37, 